{"id":8,"date":"2018-10-27T11:52:20","date_gmt":"2018-10-27T11:52:20","guid":{"rendered":"https:\/\/acarogluhs.com\/?page_id=8"},"modified":"2021-11-12T11:49:32","modified_gmt":"2021-11-12T11:49:32","slug":"hakkimizda","status":"publish","type":"page","link":"https:\/\/acarogluhs.com\/?page_id=8","title":{"rendered":"Hakk\u0131m\u0131zda"},"content":{"rendered":"<div dir=\"auto\">-KAPALI VE A\u00c7IK HALI SAHA YAPIMI<\/div>\n<div dir=\"auto\">-BASKETBOL VOLEYBOL VE TEN\u0130S SAHALARI<\/div>\n<div dir=\"auto\">-SUN\u0130 \u00c7\u0130M \u0130\u015eLER\u0130<\/div>\n<div dir=\"auto\">-BRANDA \u0130\u015eLER\u0130<\/div>\n<div dir=\"auto\">-A\u011e VE F\u0130LE \u0130\u015eLER\u0130<\/div>\n<div dir=\"auto\">-\u00c7EL\u0130K KONST. \u0130MALAT VE MONTAJI<\/div>\n<div dir=\"auto\"><\/div>\n<div dir=\"auto\">\n<div class=\"kvgmc6g5 cxmmr5t8 oygrvhab hcukyx3x c1et5uql\">\n<div dir=\"auto\">\u201cTicaret, sayg\u0131 duyulmas\u0131 gereken bir sava\u015f gibidir. Ana strateji do\u011fruysa yap\u0131lacak say\u0131s\u0131z taktik hatalar\u0131 bile ba\u015far\u0131y\u0131 engelleyemez.\u201d<\/div>\n<\/div>\n<div class=\"o9v6fnle cxmmr5t8 oygrvhab hcukyx3x c1et5uql\">\n<div dir=\"auto\">Robert E.Wood\u2019un<\/div>\n<div dir=\"auto\"><\/div>\n<\/div>\n<div class=\"o9v6fnle cxmmr5t8 oygrvhab hcukyx3x c1et5uql\">\n<div dir=\"auto\">dedi\u011fi gibi, Acaro\u011flu \u00c7elik Konstr\u00fcksiyon San.Tic.Ltd.\u015eti. olarak faaliyet alan\u0131m\u0131zda etik kurallar \u00e7er\u00e7evesinde; d\u00fcr\u00fcst, samimi, giri\u015fimci ve ahlaki de\u011ferlere sahip, i\u015fin mutfa\u011f\u0131nda yeti\u015fmi\u015f tecr\u00fcbeli kadrosuna gen\u00e7 ve dinamik \u00e7al\u0131\u015fanlar\u0131 istihdam eden, temel stratejisi m\u00fc\u015fteri memnuniyeti ve yapt\u0131\u011f\u0131 i\u015ften haz almak olan amat\u00f6r ruhunu kaybetmeden prof\u00f6syonelce b\u00fcy\u00fcmeyi hedefleyen bir kurulu\u015ftur.<\/div>\n<div dir=\"auto\"><\/div>\n<\/div>\n<div class=\"o9v6fnle cxmmr5t8 oygrvhab hcukyx3x c1et5uql\">\n<div dir=\"auto\">Firmam\u0131z yakla\u015f\u0131k 750 m2 kapal\u0131, 300 m2 yar\u0131 kapal\u0131 imalathanesi ve zengin ekipmanlar\u0131 ile \u00e7elik konstr\u00fcksiyonla ilgili her talepe cevap verebilecek durumda olup, \u00f6zellikle a\u00e7\u0131k ve kapal\u0131 spor sahalar\u0131, polyester(branda) imalat\u0131, montaj\u0131 ve tamiri, tah\u0131l ambarlar\u0131 yap\u0131m\u0131, fabrika \u00e7elik \u00e7at\u0131 i\u015fleri konusunda deneyimli ve iddal\u0131y\u0131z. \u0130malatlarda kulland\u0131\u011f\u0131m\u0131z t\u00fcm malzemeler TSE belgeli ve standartlara uygundur.<\/div>\n<\/div>\n<\/div>\n","protected":false},"excerpt":{"rendered":"<p>-KAPALI VE A\u00c7IK HALI SAHA YAPIMI -BASKETBOL VOLEYBOL VE TEN\u0130S SAHALARI -SUN\u0130 \u00c7\u0130M \u0130\u015eLER\u0130 -BRANDA \u0130\u015eLER\u0130 -A\u011e VE F\u0130LE \u0130\u015eLER\u0130 -\u00c7EL\u0130K KONST. \u0130MALAT VE MONTAJI \u201cTicaret, sayg\u0131 duyulmas\u0131 gereken bir sava\u015f gibidir. Ana strateji do\u011fruysa yap\u0131lacak say\u0131s\u0131z taktik hatalar\u0131 bile ba\u015far\u0131y\u0131 engelleyemez.\u201d Robert E.Wood\u2019un dedi\u011fi gibi, Acaro\u011flu \u00c7elik Konstr\u00fcksiyon San.Tic.Ltd.\u015eti. olarak faaliyet alan\u0131m\u0131zda etik kurallar [&#8230;]<\/p>\n<p><a class=\"btn btn-secondary understrap-read-more-link\" href=\"https:\/\/acarogluhs.com\/?page_id=8\">Daha fazlas\u0131n\u0131 oku\u2026<\/a><\/p>\n","protected":false},"author":1,"featured_media":0,"parent":0,"menu_order":0,"comment_status":"closed","ping_status":"closed","template":"","meta":{"footnotes":""},"class_list":["post-8","page","type-page","status-publish","hentry"],"_links":{"self":[{"href":"https:\/\/acarogluhs.com\/index.php?rest_route=\/wp\/v2\/pages\/8","targetHints":{"allow":["GET"]}}],"collection":[{"href":"https:\/\/acarogluhs.com\/index.php?rest_route=\/wp\/v2\/pages"}],"about":[{"href":"https:\/\/acarogluhs.com\/index.php?rest_route=\/wp\/v2\/types\/page"}],"author":[{"embeddable":true,"href":"https:\/\/acarogluhs.com\/index.php?rest_route=\/wp\/v2\/users\/1"}],"replies":[{"embeddable":true,"href":"https:\/\/acarogluhs.com\/index.php?rest_route=%2Fwp%2Fv2%2Fcomments&post=8"}],"version-history":[{"count":2,"href":"https:\/\/acarogluhs.com\/index.php?rest_route=\/wp\/v2\/pages\/8\/revisions"}],"predecessor-version":[{"id":2132,"href":"https:\/\/acarogluhs.com\/index.php?rest_route=\/wp\/v2\/pages\/8\/revisions\/2132"}],"wp:attachment":[{"href":"https:\/\/acarogluhs.com\/index.php?rest_route=%2Fwp%2Fv2%2Fmedia&parent=8"}],"curies":[{"name":"wp","href":"https:\/\/api.w.org\/{rel}","templated":true}]}}