{"id":18,"date":"2018-10-27T11:54:46","date_gmt":"2018-10-27T11:54:46","guid":{"rendered":"https:\/\/acarogluhs.com\/?page_id=18"},"modified":"2018-11-27T15:21:21","modified_gmt":"2018-11-27T15:21:21","slug":"voleybol","status":"publish","type":"page","link":"https:\/\/acarogluhs.com\/?page_id=18","title":{"rendered":"Voleybol"},"content":{"rendered":"<h2>Voleybol Sahas\u0131 Yap\u0131m\u0131<\/h2>\n<p>Suni \u00e7im hal\u0131 zeminli, tartan ve akratik zeminli voleybol sahalar\u0131 i\u00e7in zemin \u015fartnameleri her biri i\u00e7in farkl\u0131 olacak \u015fekilde belirlenmi\u015ftir. Voleybol sahas\u0131 yapt\u0131rmak istiyorsan\u0131z mutlaka Acaro\u011flu Hal\u0131 Saha&#8217;y\u0131 tercih etmelisiniz. 2014&#8217;den bu yana bu sekt\u00f6rde hizmet veren Acaro\u011flu Hal\u0131 Saha; yurt i\u00e7i ve yurt d\u0131\u015f\u0131na hizmet vermektedir.<\/p>\n<h3>Voleybol Sahas\u0131 Yap\u0131m\u0131 \u00d6l\u00e7\u00fcleri<\/h3>\n<p>Hepimizin bildi\u011fi gibi voleybol saha yap\u0131m\u0131 \u00f6l\u00e7\u00fcleri standartt\u0131r. Bir voleybol sahas\u0131; dikd\u00f6rtgen \u015feklindedir. Voleybol saha \u00f6l\u00e7\u00fcleri ise boyu 18 metre, eni ise 9 metre olarak belirlenmi\u015ftir. Ayr\u0131ca, sahan\u0131n her kenar \u00e7izgisinden en az \u00fc\u00e7 metre mesafede olacak \u015fekilde bo\u015fluk kalmal\u0131d\u0131r. Fakat, daha k\u00fc\u00e7\u00fck alanlarda bu \u00f6l\u00e7\u00fcler de\u011fi\u015ftirilebilir. Saha \u00e7izgileri beyaz ve be\u015f cm kal\u0131nl\u0131\u011f\u0131nda olmak zorundad\u0131r. Oyun zemini ise tahta parke veya \u00f6zel kau\u00e7uk d\u00fcz zeminden yap\u0131lmal\u0131d\u0131r. Voleybol sahas\u0131n\u0131 ikiye b\u00f6len \u00e7izginin \u00fczerine kurulan filenin y\u00fcksekli\u011fi ise erkek voleybolu i\u00e7in 2metre 43santimetre, kad\u0131n voleybolu i\u00e7in ise 2metre 55 santimetre olarak belirlenmi\u015ftir. Bununla birlikte, file direkleri ise 2metre 55cm y\u00fcksekli\u011finde ve ayarlanabilir \u00f6zellikte olmal\u0131d\u0131r.<\/p>\n<h3>\u00c7evre Hat\u0131l \u0130\u015fleri<\/h3>\n<p>Voleybol sahas\u0131n\u0131n yap\u0131laca\u011f\u0131 alanda aplikasyon \u00e7al\u0131\u015fmas\u0131 yapt\u0131ktan sonra zemini s\u0131f\u0131r koduna gelecek \u015fekilde tesviye ederiz. Hafriyat \u00e7al\u0131\u015fmas\u0131 yap\u0131lmas\u0131n\u0131n ard\u0131ndan \u00e7evre hat\u0131l\u0131 i\u00e7in 25cm derinlikte kaz\u0131 yapar\u0131z. Kaz\u0131 yapt\u0131\u011f\u0131m\u0131z yerde 25cm geni\u015fli\u011finde ve 50cm y\u00fcksekli\u011finde \u00e7ift y\u00fczeyli ah\u015fap kal\u0131p ba\u011flar\u0131z. Kal\u0131b\u0131n i\u00e7erisine 10mm \u00e7apl\u0131 \u00fc\u00e7 alt \u00fc\u00e7 \u00fcst olacak \u015fekilde demir donat\u0131 yerle\u015ftiririz. Yerle\u015ftirdi\u011fimiz demir donat\u0131ya 25cm arayla 8mm \u00e7apl\u0131 etriyeler ba\u011flar\u0131z. Etriyelerin ba\u011flanmas\u0131n\u0131n ard\u0131ndan \u00e7evre direklerinin gelece\u011fi yere 3m arayla ankraj borular\u0131n\u0131 kal\u0131p i\u00e7erisindeki demir donat\u0131ya sabitleriz. \u00c7evre kal\u0131plar\u0131na ise BS 20 haz\u0131r beton d\u00f6kerek betonarme hat\u0131l olu\u015ftururuz.<\/p>\n<p><img loading=\"lazy\" decoding=\"async\" class=\"alignnone size-full wp-image-92\" src=\"https:\/\/acarogluhs.com\/wp-content\/uploads\/2018\/11\/voleybol-sahasi-ve-teli-w13.jpg\" alt=\"\" width=\"640\" height=\"480\" srcset=\"https:\/\/acarogluhs.com\/wp-content\/uploads\/2018\/11\/voleybol-sahasi-ve-teli-w13.jpg 640w, https:\/\/acarogluhs.com\/wp-content\/uploads\/2018\/11\/voleybol-sahasi-ve-teli-w13-300x225.jpg 300w\" sizes=\"auto, (max-width: 640px) 100vw, 640px\" \/><\/p>\n<h3>Zemin Dolgu T\u00fcrleri<\/h3>\n<ul>\n<li>&#8211; <strong>Beton Zemin<\/strong>: Beton hat\u0131l\u0131n \u00e7evreledi\u011fi sahan\u0131n i\u00e7erisine 5cm 2 nolu k\u0131rmata\u015f sererek tesviyesini yapar\u0131z. Tesviyesini yapt\u0131\u011f\u0131m\u0131z k\u0131rmata\u015f \u00fczerine binde be\u015f e\u011fim vererek 12 ile 15 cm aras\u0131nda has\u0131r \u00e7elik donat\u0131l\u0131 BS 20 haz\u0131r beton d\u00f6kerek tesviyesini yapar\u0131z.<\/li>\n<li>&#8211; <strong>Asfalt Zemin<\/strong>: Beton hat\u0131l\u0131n \u00e7evreledi\u011fi sahan\u0131n i\u00e7erisine 10-15cm stabilize malzeme veya plentmix dolgu yaparak vibrasyonlu silindirle s\u0131k\u0131\u015ft\u0131r\u0131r\u0131z. S\u0131k\u0131\u015ft\u0131rd\u0131\u011f\u0131m\u0131z zemin \u00fczerine binde be\u015f e\u011fim vererek 5-7 cm s\u0131f\u0131r y\u00fczey asfalt\u0131 serer ve silindirleriz.<\/li>\n<li>&#8211; <strong>Beton \u00dczeri Asfalt Zemin<\/strong>: Beton hat\u0131l\u0131n \u00e7evreledi\u011fi sahan\u0131n i\u00e7erisine 5cm 2 nolu k\u0131rmata\u015f sererek tesviyesini yapar\u0131z. Tesviyesini yapt\u0131\u011f\u0131m\u0131z k\u0131rmata\u015f \u00fczerine binde be\u015f e\u011fim vererek 12 ile 15 cm aras\u0131nda has\u0131r \u00e7elik donat\u0131l\u0131 BS 20 haz\u0131r beton d\u00f6kerek tesviyesini yapar\u0131z. Beton zemin \u00fczerine 5-7cm s\u0131f\u0131r y\u00fczey asfalt serer ve silindirleriz.<\/li>\n<\/ul>\n<h3>Demir Boru \u0130\u015fleri<\/h3>\n<p>Alt yap\u0131n\u0131n tamamlanmas\u0131n\u0131n ard\u0131ndan beton hat\u0131la ankre edilen 76x3mm borulara 4m y\u00fcksekli\u011finde 60x2mm borular\u0131 dikey olarak kaynakla monte ederiz. Dikmelere \u00fc\u00e7 s\u0131ra olmak \u00fczere 60x2mm borular\u0131 yatay olarak kaynakla monte ederiz. K\u0131sa ve uzun kenarlara, k\u00f6\u015felere ise 60x2mm borular\u0131 diyagonal olarak kaynakla ba\u011flar\u0131z. Ayd\u0131nlatma i\u015flemleri i\u00e7in sahan\u0131n uzun kenarlar\u0131na toplam d\u00f6rt adet olmak \u00fczere 5m y\u00fcksekli\u011finde 76x3mm borular\u0131 merdivenli olarak konstr\u00fcksiyon kaynakla ba\u011flar\u0131z. Konstr\u00fcksiyona istedi\u011finiz yerde 60x2mm borudan bir adet mente\u015feli kap\u0131 yapar\u0131z. T\u00fcm demir imalat\u0131m\u0131z\u0131; koruyucu ve pas \u00f6nleyici \u00f6zellikteki sentetik re\u00e7ineli \u00f6zel metal antipas boyayla nefti ye\u015fil renginde boyar\u0131z.<\/p>\n<h3>Voleybol Sahas\u0131 \u00d6l\u00e7\u00fcleri<\/h3>\n<p><img loading=\"lazy\" decoding=\"async\" class=\"alignnone size-full wp-image-91\" src=\"https:\/\/acarogluhs.com\/wp-content\/uploads\/2018\/11\/voleybol-sahasi_clip_image002.jpg\" alt=\"\" width=\"543\" height=\"399\" srcset=\"https:\/\/acarogluhs.com\/wp-content\/uploads\/2018\/11\/voleybol-sahasi_clip_image002.jpg 543w, https:\/\/acarogluhs.com\/wp-content\/uploads\/2018\/11\/voleybol-sahasi_clip_image002-300x220.jpg 300w\" sizes=\"auto, (max-width: 543px) 100vw, 543px\" \/><\/p>\n","protected":false},"excerpt":{"rendered":"<p>Voleybol Sahas\u0131 Yap\u0131m\u0131 Suni \u00e7im hal\u0131 zeminli, tartan ve akratik zeminli voleybol sahalar\u0131 i\u00e7in zemin \u015fartnameleri her biri i\u00e7in farkl\u0131 olacak \u015fekilde belirlenmi\u015ftir. Voleybol sahas\u0131 yapt\u0131rmak istiyorsan\u0131z mutlaka Acaro\u011flu Hal\u0131 Saha&#8217;y\u0131 tercih etmelisiniz. 2014&#8217;den bu yana bu sekt\u00f6rde hizmet veren Acaro\u011flu Hal\u0131 Saha; yurt i\u00e7i ve yurt d\u0131\u015f\u0131na hizmet vermektedir. Voleybol Sahas\u0131 Yap\u0131m\u0131 \u00d6l\u00e7\u00fcleri Hepimizin [&#8230;]<\/p>\n<p><a class=\"btn btn-secondary understrap-read-more-link\" href=\"https:\/\/acarogluhs.com\/?page_id=18\">Daha fazlas\u0131n\u0131 oku\u2026<\/a><\/p>\n","protected":false},"author":1,"featured_media":0,"parent":10,"menu_order":0,"comment_status":"closed","ping_status":"closed","template":"","meta":{"footnotes":""},"class_list":["post-18","page","type-page","status-publish","hentry"],"_links":{"self":[{"href":"https:\/\/acarogluhs.com\/index.php?rest_route=\/wp\/v2\/pages\/18","targetHints":{"allow":["GET"]}}],"collection":[{"href":"https:\/\/acarogluhs.com\/index.php?rest_route=\/wp\/v2\/pages"}],"about":[{"href":"https:\/\/acarogluhs.com\/index.php?rest_route=\/wp\/v2\/types\/page"}],"author":[{"embeddable":true,"href":"https:\/\/acarogluhs.com\/index.php?rest_route=\/wp\/v2\/users\/1"}],"replies":[{"embeddable":true,"href":"https:\/\/acarogluhs.com\/index.php?rest_route=%2Fwp%2Fv2%2Fcomments&post=18"}],"version-history":[{"count":5,"href":"https:\/\/acarogluhs.com\/index.php?rest_route=\/wp\/v2\/pages\/18\/revisions"}],"predecessor-version":[{"id":117,"href":"https:\/\/acarogluhs.com\/index.php?rest_route=\/wp\/v2\/pages\/18\/revisions\/117"}],"up":[{"embeddable":true,"href":"https:\/\/acarogluhs.com\/index.php?rest_route=\/wp\/v2\/pages\/10"}],"wp:attachment":[{"href":"https:\/\/acarogluhs.com\/index.php?rest_route=%2Fwp%2Fv2%2Fmedia&parent=18"}],"curies":[{"name":"wp","href":"https:\/\/api.w.org\/{rel}","templated":true}]}}